{"id":4849,"date":"2024-11-06T21:19:40","date_gmt":"2024-11-06T21:19:40","guid":{"rendered":"https:\/\/xn--cbdbltenstore-0ob.de\/?post_type=product&#038;p=4849"},"modified":"2024-11-08T15:15:54","modified_gmt":"2024-11-08T15:15:54","slug":"black-leaf-akkutrager","status":"publish","type":"product","link":"https:\/\/xn--cbdbltenstore-0ob.de\/?product=black-leaf-akkutrager","title":{"rendered":"Black Leaf Akkutr\u00e4ger versch. Ger\u00e4te"},"content":{"rendered":"<h2><strong>Black Leaf Akkutr\u00e4ger<\/strong><\/h2>\n<p>&nbsp;<\/p>\n<p>Diese Hochwertigen <a href=\"https:\/\/www.hanfgartenshop.de\/white-widow-premium-bluten.html\" target=\"_blank\" rel=\"noopener\">Akkutr\u00e4ger<\/a> von der <a href=\"https:\/\/xn--cbdbltenstore-0ob.de\/product\/black-leaf-akkutrager-versch-gerate\/\">Bekannten\u00a0<\/a>Marke Black Leaf, Sind Speziell f\u00fcr die <a href=\"https:\/\/xn--cbdbltenstore-0ob.de\">Standartkartuschen<\/a> entwickelt wurden.<\/p>\n<p>diese Akkutr\u00e4ger sind mit den meisten 510-Gewinde\u00f6l-Kartuschen auf dem Markt kompatibel. Black Leaf Akkutr\u00e4ger<\/p>\n<p>&nbsp;<\/p>\n<p><strong>Akkutr\u00e4ger Black Leaf: 510er Gewinde 350mA\/h Schwarz ohne Startknopf. Black Leaf Akkutr\u00e4ger<br \/>\n<\/strong><\/p>\n<p>Der Akkutr\u00e4ger von Black Leaf\u00ae bietet die M\u00f6glichkeit, ohne Knopfdruck, sprich nur durch das Ziehen an dem Ger\u00e4t automatisch zu aktivieren.<\/p>\n<ul>\n<li>Akkukapazit\u00e4t\u00a0350 mA\/h Akku<\/li>\n<li>Automatische Sicherheitsabschaltung.<\/li>\n<li>Mit USB Ladekabel.<\/li>\n<li>Die Lieferung erfolgt ohne Cartridge oder Tank.<\/li>\n<\/ul>\n<p>&nbsp;<\/p>\n<p><strong>Hinweis:<\/strong><\/p>\n<p>Beh\u00e4lter gem\u00e4\u00df der Vorschriften entsorgen.<\/p>\n<p>Die gezeigten Bilder dienen nur als Referenz, das tats\u00e4chliche aussehen des Produkts kann etwas\u00a0abweichen.<\/p>\n<p><strong>Sicherheitshinweise:<\/strong><\/p>\n<p><textarea cols=\"55\" name=\"Sicherheitshinweise\" rows=\"10\">H301 Giftig bei Verschlucken.&lt;br \/&gt;&lt;br \/&gt;&lt;br \/&gt;<br \/>\nH412 Sch\u00e4dlich f\u00fcr Wasserorganismen, mit langfristiger Wirkung.&lt;br \/&gt;&lt;br \/&gt;&lt;br \/&gt;<br \/>\nP101 Ist \u00e4rztlicher Rat erforderlich, Verpackung oder Kennzeichnungsetikett bereithalten.&lt;br \/&gt;&lt;br \/&gt;&lt;br \/&gt;<br \/>\nP102 Darf nicht in die H\u00e4nde von Kindern gelangen.&lt;br \/&gt;&lt;br \/&gt;&lt;br \/&gt;<br \/>\nP103 Vor Gebrauch Kennzeichnungsetikett lesen.&lt;br \/&gt;&lt;br \/&gt;&lt;br \/&gt;<br \/>\nP264 Nach Gebrauch &#8230; gr\u00fcndlich waschen.&lt;br \/&gt;&lt;br \/&gt;&lt;br \/&gt;<br \/>\nP270 Bei Gebrauch nicht essen, trinken oder rauchen.&lt;br \/&gt;&lt;br \/&gt;&lt;br \/&gt;<br \/>\nP273 Freisetzung in die Umwelt vermeiden.&lt;br \/&gt;&lt;br \/&gt;&lt;br \/&gt;<br \/>\nP301+P310 BEI VERSCHLUCKEN: Sofort GIFTINFORMATIONSZENTRUM\/Arzt\/\u2026 anrufen.&lt;br \/&gt;&lt;br \/&gt;&lt;br \/&gt;<br \/>\nP330 Mund aussp\u00fclen.&lt;br \/&gt;&lt;br \/&gt;&lt;br \/&gt;<br \/>\nP405 Unter Verschluss aufbewahren.&lt;br \/&gt;&lt;br \/&gt;&lt;br \/&gt;<br \/>\nP501 Entsorgung der Inhalte\/Beh\u00e4lter gem\u00e4\u00df des \u00f6rtlichen Abfallsystems&lt;br \/&gt;&lt;br \/&gt;&lt;br \/&gt;<br \/>\nEUH208 Enth\u00e4lt Linalool, Furaneol, Allyl Cyclohexanepropionate. Kann allergische Reaktionenhervor-rufen.&lt;br \/&gt;&lt;br \/&gt;&lt;br \/&gt;<br \/>\nEnth\u00e4lt Nicotinbenzoat, 2-Isopropyl-N,2,3-trimethylbutyramide<\/textarea><\/p>\n<p>&nbsp;<\/p>\n","protected":false},"excerpt":{"rendered":"<p>Black Leaf Akkutr\u00e4ger &nbsp; Diese Hochwertigen Akkutr\u00e4ger von der Bekannten\u00a0Marke Black Leaf, Sind Speziell f\u00fcr die Standartkartuschen entwickelt wurden. diese Akkutr\u00e4ger sind mit den meisten 510-Gewinde\u00f6l-Kartuschen auf dem Markt kompatibel. Black Leaf Akkutr\u00e4ger &nbsp; Akkutr\u00e4ger Black Leaf: 510er Gewinde 350mA\/h Schwarz ohne Startknopf. Black Leaf Akkutr\u00e4ger Der Akkutr\u00e4ger von Black Leaf\u00ae bietet die M\u00f6glichkeit, ohne &hellip; <a href=\"https:\/\/xn--cbdbltenstore-0ob.de\/?product=black-leaf-akkutrager\" class=\"more-link\">Continue reading <span class=\"screen-reader-text\">Black Leaf Akkutr\u00e4ger versch. Ger\u00e4te<\/span><\/a><\/p>\n","protected":false},"featured_media":4852,"comment_status":"open","ping_status":"closed","template":"","meta":{"rank_math_lock_modified_date":false},"product_cat":[36,85],"product_tag":[],"class_list":{"0":"post-4849","1":"product","2":"type-product","3":"status-publish","4":"has-post-thumbnail","6":"product_cat-cbd-vape","7":"product_cat-neu-im-sortiment","9":"first","10":"instock","11":"shipping-taxable","12":"purchasable","13":"product-type-simple"},"_links":{"self":[{"href":"https:\/\/xn--cbdbltenstore-0ob.de\/index.php?rest_route=\/wp\/v2\/product\/4849","targetHints":{"allow":["GET"]}}],"collection":[{"href":"https:\/\/xn--cbdbltenstore-0ob.de\/index.php?rest_route=\/wp\/v2\/product"}],"about":[{"href":"https:\/\/xn--cbdbltenstore-0ob.de\/index.php?rest_route=\/wp\/v2\/types\/product"}],"replies":[{"embeddable":true,"href":"https:\/\/xn--cbdbltenstore-0ob.de\/index.php?rest_route=%2Fwp%2Fv2%2Fcomments&post=4849"}],"wp:featuredmedia":[{"embeddable":true,"href":"https:\/\/xn--cbdbltenstore-0ob.de\/index.php?rest_route=\/wp\/v2\/media\/4852"}],"wp:attachment":[{"href":"https:\/\/xn--cbdbltenstore-0ob.de\/index.php?rest_route=%2Fwp%2Fv2%2Fmedia&parent=4849"}],"wp:term":[{"taxonomy":"product_cat","embeddable":true,"href":"https:\/\/xn--cbdbltenstore-0ob.de\/index.php?rest_route=%2Fwp%2Fv2%2Fproduct_cat&post=4849"},{"taxonomy":"product_tag","embeddable":true,"href":"https:\/\/xn--cbdbltenstore-0ob.de\/index.php?rest_route=%2Fwp%2Fv2%2Fproduct_tag&post=4849"}],"curies":[{"name":"wp","href":"https:\/\/api.w.org\/{rel}","templated":true}]}}