{"id":4844,"date":"2024-11-06T21:18:28","date_gmt":"2024-11-06T21:18:28","guid":{"rendered":"https:\/\/xn--cbdbltenstore-0ob.de\/?post_type=product&#038;p=4844"},"modified":"2025-05-27T13:22:01","modified_gmt":"2025-05-27T13:22:01","slug":"ispire-cartridge-s10","status":"publish","type":"product","link":"https:\/\/xn--cbdbltenstore-0ob.de\/?product=ispire-cartridge-s10","title":{"rendered":"Ispire Cartridge  S10"},"content":{"rendered":"<h2><strong>Ispire Cartridge S10<\/strong><\/h2>\n<p>Die Ispire Kartusche ist elegant und kompatibel mit unseren 510-<a href=\"https:\/\/xn--cbdbltenstore-0ob.de\/product\/ispire-cartridge-s10\/\">Gewindebatterien<\/a> ist die Ducore\u00ae s-<a href=\"https:\/\/xn--cbdbltenstore-0ob.de\">Serie<\/a>-Kartusche auslaufsicher, verstopfungssicher und in verschiedenen Ausf\u00fchrungen erh\u00e4ltlich. Dar\u00fcber hinaus bietet sie bis zu 75 % besseren Luftstrom als <a href=\"https:\/\/www.hanfgartenshop.de\/white-widow-premium-bluten.html\" target=\"_blank\" rel=\"noopener\">herk\u00f6mmliche<\/a> Kartuschen und erzeugen ein \u00fcberlegenes Dampferlebnis. Das Mundst\u00fcck ist aus Keramik, die Kammer aus Glas. Ispire Cartridge S10<\/p>\n<h3><strong>Ispire Cartridge S10<\/strong><\/h3>\n<p>Erzeugt einen besseren Luftstrom als herk\u00f6mmliche Kartuschen durch ein seitliches Kanaldesign.<\/p>\n<p>Zum selbst Bef\u00fcllen<\/p>\n<p>Hier einkaufen: <a href=\"https:\/\/flowzz.at\/\" target=\"_blank\" rel=\"noopener\"><span data-sheets-root=\"1\">Pink kush<\/span><\/a><\/p>\n<p><strong>Details:<\/strong><\/p>\n<p>Kartuschengr\u00f6\u00dfe: 11 mm x 58 mm<\/p>\n<p>Tankvolumen: 1,0 ml<\/p>\n<p>Heizkern: Einzelne Luftzufuhr \/ Einzelne Spule<\/p>\n<p>Widerstand: 1,3 \u03a9<\/p>\n<p>\u00d6ffnung: \u03c61,5mm x 2<\/p>\n<p>Mundst\u00fcckverschluss: Schnellverschluss<\/p>\n<p>Mundst\u00fcckmaterial: Edelstahl, Keramik, PCTG, Silikon<br \/>\n<strong>Lieferumfang:<\/strong><\/p>\n<p>1x Ispire Cartridge &#8211; S10 Leer kartusche<\/p>\n","protected":false},"excerpt":{"rendered":"<div class=\"shortdesc\">\n<p>Leer Kartusche zum Selbsbef\u00fcllen<\/p>\n<p>Kartuschengr\u00f6\u00dfe: 11 mm x 58 mm<\/p>\n<p>Tankvolumen: 1,0 ml<\/p>\n<p>Widerstand: 1,3 \u03a9<\/p>\n<p>\u00d6ffnung: \u03c61,5mm x 2<\/p>\n<\/div>\n","protected":false},"featured_media":4847,"comment_status":"open","ping_status":"closed","template":"","meta":{"rank_math_lock_modified_date":false},"product_cat":[36],"product_tag":[],"class_list":{"0":"post-4844","1":"product","2":"type-product","3":"status-publish","4":"has-post-thumbnail","6":"product_cat-cbd-vape","8":"first","9":"instock","10":"shipping-taxable","11":"purchasable","12":"product-type-simple"},"_links":{"self":[{"href":"https:\/\/xn--cbdbltenstore-0ob.de\/index.php?rest_route=\/wp\/v2\/product\/4844","targetHints":{"allow":["GET"]}}],"collection":[{"href":"https:\/\/xn--cbdbltenstore-0ob.de\/index.php?rest_route=\/wp\/v2\/product"}],"about":[{"href":"https:\/\/xn--cbdbltenstore-0ob.de\/index.php?rest_route=\/wp\/v2\/types\/product"}],"replies":[{"embeddable":true,"href":"https:\/\/xn--cbdbltenstore-0ob.de\/index.php?rest_route=%2Fwp%2Fv2%2Fcomments&post=4844"}],"wp:featuredmedia":[{"embeddable":true,"href":"https:\/\/xn--cbdbltenstore-0ob.de\/index.php?rest_route=\/wp\/v2\/media\/4847"}],"wp:attachment":[{"href":"https:\/\/xn--cbdbltenstore-0ob.de\/index.php?rest_route=%2Fwp%2Fv2%2Fmedia&parent=4844"}],"wp:term":[{"taxonomy":"product_cat","embeddable":true,"href":"https:\/\/xn--cbdbltenstore-0ob.de\/index.php?rest_route=%2Fwp%2Fv2%2Fproduct_cat&post=4844"},{"taxonomy":"product_tag","embeddable":true,"href":"https:\/\/xn--cbdbltenstore-0ob.de\/index.php?rest_route=%2Fwp%2Fv2%2Fproduct_tag&post=4844"}],"curies":[{"name":"wp","href":"https:\/\/api.w.org\/{rel}","templated":true}]}}