{"id":4812,"date":"2024-11-06T20:46:16","date_gmt":"2024-11-06T20:46:16","guid":{"rendered":"https:\/\/xn--cbdbltenstore-0ob.de\/?post_type=product&#038;p=4812"},"modified":"2025-05-27T13:30:17","modified_gmt":"2025-05-27T13:30:17","slug":"only-grams-v2-vape-pen","status":"publish","type":"product","link":"https:\/\/xn--cbdbltenstore-0ob.de\/?product=only-grams-v2-vape-pen","title":{"rendered":"10-OH-HHC Only Grams V2 Vape Pen"},"content":{"rendered":"<h2>Only Grams V2 Vape Pen<\/h2>\n<p><strong>OnlyGrams<\/strong> V2\u00a0Vape Pen in versch. <a href=\"https:\/\/sixty8.ro\/cookies\/puff-watermelon-lemonade-15k-nicotine-cookies\" target=\"_blank\" rel=\"noopener\">Sorten<\/a>, mit 96<span class=\"hiddenGrammarError\">% 10-OH-HHC<\/span>10-OH-<a href=\"https:\/\/xn--cbdbltenstore-0ob.de\">HHC<\/a> 10-OH-HHC<\/p>\n<p><strong>Inhaltsstoffe:<\/strong> 96<span class=\"hiddenGrammarError\">0mg<\/span> 10-OH-HHC. Hanfextrakt, Propylenglykol,\u00a0Zugesetzt mit Terpenen in einer Konzentration von <span class=\"hiddenGrammarError\">5%<\/span>, die eine FDA-Zulassung haben und rein organischen Ursprungs sind. Only Grams V2 Vape Pen<\/p>\n<p><strong>Details:<\/strong><\/p>\n<table border=\"1\" cellspacing=\"1\" cellpadding=\"1\">\n<tbody>\n<tr>\n<td>Verpackungsinhalt<\/td>\n<td>1x 10-OH-HHC\u00a0OnlyGrams V2 Summer Special\u00a0Vape Pen<\/td>\n<\/tr>\n<tr>\n<td>Inhalt<\/td>\n<td>1 ml<\/td>\n<\/tr>\n<tr>\n<td>10-OH-HHC<\/td>\n<td>960mg<\/td>\n<\/tr>\n<tr>\n<td>Z\u00fcge<\/td>\n<td>ca.600<\/td>\n<\/tr>\n<tr>\n<td>Akku<\/td>\n<td>280mAh aufladbar \u00fcber USB<\/td>\n<\/tr>\n<tr>\n<td>Steuerbanderole<\/td>\n<td>Ja<\/td>\n<\/tr>\n<tr>\n<td>Inbetriebnahmeanleitung<\/td>\n<td>Selbststartend<\/td>\n<\/tr>\n<tr>\n<td>L\u00fcftungssystem<\/td>\n<td>Clog-Free dual air vent<\/td>\n<\/tr>\n<\/tbody>\n<\/table>\n<ul>\n<li>Labor Gepr\u00fcft<\/li>\n<li>6-fache Destillation<\/li>\n<\/ul>\n<p><span class=\"hiddenGrammarError\">0%<\/span> <span class=\"hiddenSpellError\">CBG<\/span> \/ <span class=\"hiddenGrammarError\">0%<\/span> CBD \/ <span class=\"hiddenGrammarError\">0%<\/span> THC<\/p>\n<p><strong>Gebrauchsanweisung:<\/strong><\/p>\n<ol>\n<li>Entfernen Sie das Vape-Ger\u00e4t aus der Verpackung.<\/li>\n<li>Zur Aktivierung einfach am Mundst\u00fcck inhalieren.<\/li>\n<li>Vermeiden Sie l\u00e4ngeres Inhalieren, um \u00dcberhitzung zu verhindern.<\/li>\n<li>Empfohlene Verwendung: Bis zu 3 Z\u00fcge pro Tag.<\/li>\n<\/ol>\n<p><strong>Geschmacksrichtungen:<\/strong><\/p>\n<p><strong>Blueberry:<\/strong><br \/>\nDer Blueberry-Geschmack liefert ein intensives, fruchtiges Aroma, das an frische Blaubeeren erinnert. Ideal f\u00fcr alle, die einen authentischen und nat\u00fcrlichen Geschmack genie\u00dfen wollen. Erleben Sie bei jedem Zug eine au\u00dfergew\u00f6hnliche Vape-Erfahrung.<\/p>\n<p><strong>Cherry:<\/strong><br \/>\nErleben Sie den intensiven und authentischen Kirschgeschmack mit unserer 10-OH-HHC Vape. Diese Sorte bietet ein echtes Aroma, das an saftige, reife Kirschen erinnert. Ideal f\u00fcr ein erfrischendes und fruchtiges Vape-Erlebnis.<\/p>\n<p><strong>Lemon Spritz:<\/strong><br \/>\nverf\u00fchrt mit einem spritzigen, zitronigen Geschmack, der an einen erfrischenden Sommerdrink erinnert. Perfekt f\u00fcr ein belebendes und intensives Aromaerlebnis bei jedem Zug.<\/p>\n<p><strong>Mango Ice:<\/strong><br \/>\nBietet einen exotischen, intensiven Mangogeschmack mit einem erfrischenden, eisigen Abgang. Ideal f\u00fcr alle, die fruchtige Aromen lieben und eine k\u00fchle Erfrischung suchen. Only Grams V2 Vape Pen<\/p>\n<p><strong>Mixed Berries:<\/strong><br \/>\nDiese Sorte kombiniert das intensive Aroma verschiedener Beeren zu einem harmonischen, fruchtigen Geschmackserlebnis. Perfekt f\u00fcr eine unvergleichliche Geschmacksexplosion. Only Grams V2 Vape Pen<\/p>\n<p><strong>Passion Fruit:<\/strong><br \/>\nBietet einen tropischen, intensiven Passionsfruchtgeschmack, der an sonnige Urlaubstage erinnert. Ideal f\u00fcr alle, die einen authentischen und intensiven Fruchtgeschmack suchen. Only Grams V2 Vape Pen<\/p>\n<p><strong>Peach Ice:<\/strong><br \/>\nDiese Sorte kombiniert fruchtige Aromen mit einem erfrischenden, eisigen Abgang f\u00fcr ein einzigartiges Vape-Erlebnis.<\/p>\n<p><strong>Watermelon Zkittlez:<\/strong><br \/>\nBietet ein s\u00fc\u00dfes, intensives Wassermelonenaroma, das an leckere Bonbons erinnert. Perfekt f\u00fcr ein fruchtiges und authentisches<br \/>\nGeschmackserlebnis bei jedem Zug.<\/p>\n<p>Hier kaufen: <a href=\"https:\/\/flowzz.at\/\" target=\"_blank\" rel=\"noopener\"><span data-sheets-root=\"1\">Canngo<\/span><\/a><\/p>\n<h2><strong>Hauptwirkungen von 10-OH-HHC<\/strong><\/h2>\n<p><strong>Psychoaktive Effekte:<\/strong><br \/>\n10-OH-HHC kann, \u00e4hnlich wie THC, psychoaktive Wirkungen hervorrufen. Diese k\u00f6nnen variieren und ein Gef\u00fchl von Euphorie, ver\u00e4nderte Wahrnehmungen und erh\u00f6hte Kreativit\u00e4t beinhalten.<\/p>\n<p><strong>Schmerzlinderung:<\/strong><br \/>\nEs wird vermutet, dass 10-OH-HHC schmerzlindernde Eigenschaften hat, was es zu einer potenziellen Option f\u00fcr die Behandlung von chronischen Schmerzen macht.<\/p>\n<p><strong>Entz\u00fcndungshemmung:<\/strong><br \/>\nForschungen legen nahe, dass 10-OH-HHC entz\u00fcndungshemmende Eigenschaften besitzen k\u00f6nnte, wodurch es n\u00fctzlich bei der Behandlung von entz\u00fcndlichen Erkrankungen wie Arthritis sein k\u00f6nnte.<\/p>\n<p><strong>Appetitanregung:<\/strong><br \/>\n\u00c4hnlich wie andere Cannabinoide k\u00f6nnte 10-OH-HHC den Appetit anregen, was insbesondere f\u00fcr Personen mit Appetitverlust oder Essst\u00f6rungen vorteilhaft sein k\u00f6nnte.<\/p>\n<p><strong>Beruhigende Effekte:<\/strong><br \/>\n10-OH-HHC k\u00f6nnte beruhigende Wirkungen haben, die bei der Behandlung von Angstzust\u00e4nden oder Schlafst\u00f6rungen hilfreich sein k\u00f6nnten.<\/p>\n<p><strong>Neuroprotektive Effekte:<\/strong><br \/>\nVorl\u00e4ufige Untersuchungen deuten darauf hin, dass 10-OH-HHC neuroprotektive Eigenschaften besitzen k\u00f6nnte, was es potenziell n\u00fctzlich bei neurodegenerativen Erkrankungen wie Alzheimer oder Parkinson macht.<\/p>\n<p><strong>Fazit<\/strong><br \/>\n10-OH-HHC ist ein relativ neues Cannabinoid mit potenziell vielseitigen therapeutischen Anwendungen.<\/p>\n","protected":false},"excerpt":{"rendered":"<p>Only Grams V2 Vape Pen OnlyGrams V2\u00a0Vape Pen in versch. Sorten, mit 96% 10-OH-HHC10-OH-HHC 10-OH-HHC Inhaltsstoffe: 960mg 10-OH-HHC. Hanfextrakt, Propylenglykol,\u00a0Zugesetzt mit Terpenen in einer Konzentration von 5%, die eine FDA-Zulassung haben und rein organischen Ursprungs sind. Only Grams V2 Vape Pen Details: Verpackungsinhalt 1x 10-OH-HHC\u00a0OnlyGrams V2 Summer Special\u00a0Vape Pen Inhalt 1 ml 10-OH-HHC 960mg Z\u00fcge &hellip; <a href=\"https:\/\/xn--cbdbltenstore-0ob.de\/?product=only-grams-v2-vape-pen\" class=\"more-link\">Continue reading <span class=\"screen-reader-text\">10-OH-HHC Only Grams V2 Vape Pen<\/span><\/a><\/p>\n","protected":false},"featured_media":4813,"comment_status":"open","ping_status":"closed","template":"","meta":{"rank_math_lock_modified_date":false},"product_cat":[35,83],"product_tag":[],"class_list":{"0":"post-4812","1":"product","2":"type-product","3":"status-publish","4":"has-post-thumbnail","6":"product_cat-10-oh-hhc","7":"product_cat-top-angebote","9":"first","10":"instock","11":"shipping-taxable","12":"purchasable","13":"product-type-simple"},"_links":{"self":[{"href":"https:\/\/xn--cbdbltenstore-0ob.de\/index.php?rest_route=\/wp\/v2\/product\/4812","targetHints":{"allow":["GET"]}}],"collection":[{"href":"https:\/\/xn--cbdbltenstore-0ob.de\/index.php?rest_route=\/wp\/v2\/product"}],"about":[{"href":"https:\/\/xn--cbdbltenstore-0ob.de\/index.php?rest_route=\/wp\/v2\/types\/product"}],"replies":[{"embeddable":true,"href":"https:\/\/xn--cbdbltenstore-0ob.de\/index.php?rest_route=%2Fwp%2Fv2%2Fcomments&post=4812"}],"wp:featuredmedia":[{"embeddable":true,"href":"https:\/\/xn--cbdbltenstore-0ob.de\/index.php?rest_route=\/wp\/v2\/media\/4813"}],"wp:attachment":[{"href":"https:\/\/xn--cbdbltenstore-0ob.de\/index.php?rest_route=%2Fwp%2Fv2%2Fmedia&parent=4812"}],"wp:term":[{"taxonomy":"product_cat","embeddable":true,"href":"https:\/\/xn--cbdbltenstore-0ob.de\/index.php?rest_route=%2Fwp%2Fv2%2Fproduct_cat&post=4812"},{"taxonomy":"product_tag","embeddable":true,"href":"https:\/\/xn--cbdbltenstore-0ob.de\/index.php?rest_route=%2Fwp%2Fv2%2Fproduct_tag&post=4812"}],"curies":[{"name":"wp","href":"https:\/\/api.w.org\/{rel}","templated":true}]}}